-3*h - 4*y = -307 - 147. What are the prime factors of h?
2, 7, 11
Let g(p) = 0*p + p - 3*p - 7. Suppose -5*w = -9*w - 36. What are the prime factors of g(w)?
11
Suppose -5*n = -0*n. Suppose n = 4*j - 20 - 16. List the prime factors of j.
3
Let m be -2 + (4 - (-3 + 1)). Suppose 2*z - 4*z = -4, -17 = -3*g - m*z. Suppose 2*o = -g*o + 35. List the prime factors of o.
7
Let b = -566 - -815. What are the prime factors of b?
3, 83
Let c = 7 + -5. Suppose -5*v - 2*x + 17 = 0, c*v - 41 = 4*x - 15. Let b = -3 + v. What are the prime factors of b?
2
Let d = -1 + 5. Suppose 90 = 5*a + 2*w, 0 = d*a - 2*w + 7*w - 55. What are the prime factors of a?
2, 5
Suppose 4*s = s - 9. Let b be (-9 + 1)/(s + 1). Suppose 0 = 5*o - 0*d + b*d - 27, -5*d = -5*o. What are the prime factors of o?
3
Let x(i) = 5 - 4*i - 2 - 4. Let q be x(-5). Suppose 13 = 4*p - q. What are the prime factors of p?
2
Suppose -4*k + 25 = -0*y + y, 0 = -3*k. List the prime factors of y.
5
Let x(r) = r + 10. Let i be x(-6). Suppose s = -5*d + 4, -4*s = i*d - 57 + 9. Suppose 0 = 2*c - 4*c + s. What are the prime factors of c?
7
Let c(z) = z**3 - 3*z**2 - 2*z + 4. Let h be c(4). List the prime factors of (1 - h)/(1 - 2).
11
List the prime factors of -1 + 3 + 1 - -179.
2, 7, 13
List the prime factors of 1*225*(-2)/(-1*6).
3, 5
Suppose -4*v = -v - 15, 3*k = 2*v - 19. Let m(y) = 2*y**2 + y - 7. List the prime factors of m(k).
2
Suppose -147 = -5*u + 5*x + 98, -2*u = 2*x - 106. What are the prime factors of u?
3, 17
List the prime factors of (3 - (-15 - 5)) + (0 - 2).
3, 7
Let v be (-3)/((-3)/(-1))*-7. Let t be v/2 - 3/(-6). Suppose -2*f - t = -3*o - 8, 5*f - o = 10. What are the prime factors of f?
2
Suppose -4*n + 372 = -180. List the prime factors of n.
2, 3, 23
Let o(r) = r**3 + 12*r**2 + 5*r - 1. List the prime factors of o(-11).
5, 13
Let s = 105 - 37. What are the prime factors of s?
2, 17
Let p be (5 + 2/2)*2. Let x(h) = 12*h - 2 - 11*h + p. What are the prime factors of x(-7)?
3
Let q(i) = 3*i**2 - 6*i - 16. List the prime factors of q(6).
2, 7
Suppose 15 = -3*v, 222 = 5*u - 4*v - 13. What are the prime factors of u?
43
Let k be 1*4/((-8)/(-26)). Suppose -4*i + 14 = -3*q - 0, -i - 4*q + k = 0. Let y(l) = 2*l - 3. List the prime factors of y(i).
7
Suppose 5 = 2*k - k. Suppose -6*w + 5*b + 5 = -w, -7 = -w - k*b. List the prime factors of w.
2
Let f be 4/2 + (-4)/(-4). Let x be 266/f - 1/(-3). Suppose -33 = 4*l - x. List the prime factors of l.
2, 7
Let m be 3/6 + 15/6. Let k(b) = b + 3. What are the prime factors of k(m)?
2, 3
What are the prime factors of 96 - ((-56)/49)/(4/(-14))?
2, 23
Suppose 8*g - 4*g = -60. Let a = -11 - g. List the prime factors of a.
2
Suppose 3*b = 4*l + 1097, 7*l + 1446 = 4*b + 10*l. List the prime factors of b.
3, 11
Let k = 118 + -59. List the prime factors of k.
59
Let k(d) be the third derivative of -d**6/60 + d**5/12 - d**3/6 - 8*d**2. What are the prime factors of k(-2)?
5, 7
Let t = 13 + -9. Let c be 34/8 + (-1)/t. Suppose 3*u + 2*r - 2 = 0, c*u + r - 14 = 4*r. What are the prime factors of u?
2
Suppose 0 - 106 = -2*r. List the prime factors of r.
53
Let z = -25 - -82. What are the prime factors of z?
3, 19
Let h(j) = -8*j + 18. What are the prime factors of h(-4)?
2, 5
Suppose r - 15 - 17 = k, k - 55 = -2*r. What are the prime factors of r?
29
Suppose 0 = -4*x + 3*b + 57, -13 + 4 = 3*b. Let l be -5*3/(-15)*x. Let p = -4 + l. List the prime factors of p.
2
Suppose 2*q = 31 + 21. List the prime factors of q.
2, 13
Let v(u) be the second derivative of 2*u**3/3 - 3*u**2/2 + u. Suppose 5 - 25 = -5*m. What are the prime factors of v(m)?
13
Let i(j) = 2*j. Let l(o) be the first derivative of -o**4/4 + 8*o**3/3 + o**2/2 - 6*o - 3. Let s be l(8). List the prime factors of i(s).
2
Let l be 5/(4/(-6) + 1). Suppose 5*m + l = 70. List the prime factors of m.
11
Let y be 75/4*48/18. What are the prime factors of y + -3 + 0 - 4?
43
Let z be 2/(-3)*285/(-10). Let j = -32 + z. Let u = 18 + j. What are the prime factors of u?
5
Suppose 9*w - 14*w = -100. Suppose 4*z = w, -2*b - 11 = -z - 0. What are the prime factors of 12 - 4/2 - b?
13
Let u(l) = -7*l - 8. Suppose 7*f = 3*f - 24. List the prime factors of u(f).
2, 17
Let a(f) be the first derivative of f**2/2 + 18*f - 2. Suppose 5*t = -j - 30 - 17, -4*j = -t - 1. List the prime factors of a(t).
3
Suppose -5*n + 306 = f, -n - 82 = -2*n + 5*f. What are the prime factors of n?
2, 31
Suppose 3*c - 80 - 31 = -3*k, 4*c + 5*k - 150 = 0. What are the prime factors of c?
5, 7
Let w(f) = 2*f**2 - 11*f + 11. What are the prime factors of w(8)?
3, 17
Let z be 2/2 + -1 + 2. Suppose -3*y - z*y = -15. Let o = 5 - y. What are the prime factors of o?
2
Suppose 0 = v + 3*b + 109, 5*v + 557 = -3*b - 0*b. List the prime factors of v/(-18) - 12/54.
2, 3
Suppose -3*i - 904 = -5*u, -5*u - 3*i = -783 - 133. List the prime factors of u.
2, 7, 13
Suppose 2*m + m = 0. Suppose 4*s - 2*s - 18 = m. Suppose k + 2*a = 4 + s, 4*k - 64 = 4*a. List the prime factors of k.
3, 5
Suppose 11 = 4*i - 5. List the prime factors of 19/i + (-1)/(-4).
5
Suppose -106 = -3*r - 7. List the prime factors of r.
3, 11
Let w = 3 + -18. Let g be 207/(-15) - (-3)/w. What are the prime factors of g/(-8) - (-1)/4?
2
Suppose 3*q = -15, -2*q + 56 = 2*k - 4*q. What are the prime factors of k?
23
Suppose 2*p - 10 = 2*c, 0 = -4*c - c - 5. Suppose -a + p + 15 = 0. List the prime factors of a.
19
Let l = 9 + -4. Let m(v) = -v + 7. Let t be m(l). Let h = t + 2. What are the prime factors of h?
2
List the prime factors of 11968/44 + (3/(-1) - 1).
2, 67
Let h be (-8)/(-6)*36/(-4). Let z be h/(-18) + (-2)/3. Let w(k) = k**2 - k + 23. List the prime factors of w(z).
23
Suppose 0 = 2*n + 5*j - 47, -n - j + 51 = n. What are the prime factors of n?
2, 13
Suppose a + 1 = -2*l - 2*l, -4*a - 5*l + 7 = 0. Suppose -a*y = -i - 26, 3*i = 7*i + 8. List the prime factors of ((-18)/y)/((-6)/32).
2, 3
Let r(s) = 6*s + 7. Let l(k) = k**3 - 7*k**2 + 2*k - 10. Let b be l(7). List the prime factors of r(b).
31
Let o(r) = r + 1 - 3*r + 4*r + 4*r**2 - 2*r**2. Let h be o(-4). Suppose -5*y + 20 = -h. What are the prime factors of y?
3
Suppose 2*d = 1 + 9. Suppose -d*p - 11 = -106. List the prime factors of p.
19
Let h(o) = 2*o - 4. What are the prime factors of h(9)?
2, 7
Let k = -33 - -7. What are the prime factors of (k/(-2) + 2)/1?
3, 5
Let g = -42 - -60. List the prime factors of (-276)/(-27) - 4/g.
2, 5
Let k(w) = 0 - 4 - 3*w - 3 - 4. List the prime factors of k(-9).
2
Let r(x) = x**3 + 6*x**2 - 10*x - 3. Let z be (-6)/(-6)*(-2 + -5). What are the prime factors of r(z)?
2, 3
Let l = -5 + 6. List the prime factors of 26 - (-1)/l*-1.
5
Let q = 40 - 17. What are the prime factors of 3 + -4 + 2 + q?
2, 3
Suppose -5*t = -9 - 16. Suppose 4*d = -3*a + t*a + 24, 4 = a. Suppose -3*o = -d*o + 25. What are the prime factors of o?
5
Suppose x - n - n + 1 = 0, 2*n = 0. Let u = x - -6. What are the prime factors of u?
5
Let s = -605 - -877. What are the prime factors of s?
2, 17
Let x = 7 - 13. List the prime factors of ((-4)/x)/((-8)/(-408)).
2, 17
Let j(o) = 2*o**2 + 2*o + 1. Let k = -3 + 1. List the prime factors of j(k).
5
Let r(q) = 4*q - 1. Let x = 3 + 0. What are the prime factors of r(x)?
11
Suppose -14 = -5*j + 3*j. List the prime factors of j.
7
Let v = -8 - -8. Let x be 15*((-14)/(-10) + -1). Let h = x - v. What are the prime factors of h?
2, 3
List the prime factors of (14826/(-56))/(3/(-4)).
353
Let a(i) = i**3 - 3*i**2 - 4*i + 4. Let z be a(4). Suppose 10 = -5*q, -4*j - 4 = -4*q + 6*q. Suppose -2*o + j*o = -z. List the prime factors of o.
2
Suppose 0 = -4*l + 5*p + 136, p + 183 = 5*l - 2*p. What are the prime factors of l?
3, 13
Let l be ((-10)/(-8))/(2/16). Suppose 10 = 3*j + 1. Suppose 2*p = -p - j, m = p + l. List the prime factors of m.
3
Let s = -7 - -12. Let z(i) = 2*i**2 - 6*i + 4. What are the prime factors of z(s)?
2, 3
Let n = 76 + -35. List the prime factors of n.
41
List the prime factors of ((-984)/9)/(16/(-24)).
2, 41
Let a(w) = 14*w**3 - w. Suppose 2*q = 4*q - 2. Let r be 20/5 - 3/q. What are the prime factors of a(r)?
13
Let c(o) = -o**3 - 9*o**2 - 8*o - 10. Let y be c(-8). What are the prime factors of (1 + 44/(-8))*y?
3, 5
Let r be (9/6)/((-6)/248). Let u = r - -44. What are the prime fa